 prime factors of 351749358.
2, 3, 6513877
What are the prime factors of 5960146664?
2, 745018333
List the prime factors of 17101981.
13, 1315537
List the prime factors of 1264161750.
2, 3, 5, 1685549
List the prime factors of 369354015.
3, 5, 19, 431993
List the prime factors of 78835036.
2, 7, 73, 38569
List the prime factors of 2620077756.
2, 3, 107, 2040559
What are the prime factors of 437563796?
2, 47, 2327467
List the prime factors of 15744070.
2, 5, 97, 16231
List the prime factors of 102574446.
2, 3, 13, 991, 1327
What are the prime factors of 178658650?
2, 5, 103, 113, 307
List the prime factors of 105256767.
3, 7, 11, 59, 7723
List the prime factors of 85487916.
2, 3, 19, 211, 1777
List the prime factors of 1696763808.
2, 3, 1213, 1619
List the prime factors of 283794468.
2, 3, 1283, 18433
List the prime factors of 330482459.
330482459
List the prime factors of 39010129.
313, 124633
List the prime factors of 23415156.
2, 3, 72269
What are the prime factors of 35071397?
19, 103, 17921
What are the prime factors of 3675032612?
2, 918758153
List the prime factors of 86529565.
5, 23, 752431
What are the prime factors of 3098899304?
2, 387362413
What are the prime factors of 898051025?
5, 35922041
List the prime factors of 106991746.
2, 71, 753463
What are the prime factors of 350581997?
350581997
What are the prime factors of 831132703?
17, 5743, 8513
What are the prime factors of 6175209631?
6175209631
What are the prime factors of 107363267?
11, 2591, 3767
What are the prime factors of 49869810?
2, 3, 5, 184703
What are the prime factors of 691935482?
2, 7, 49423963
What are the prime factors of 717521392?
2, 7, 43, 383, 389
What are the prime factors of 477210584?
2, 107, 557489
List the prime factors of 550689816.
2, 3, 29, 397, 1993
List the prime factors of 68150577.
3, 11, 2065169
List the prime factors of 894148547.
113, 7912819
What are the prime factors of 357084592?
2, 17, 83, 15817
What are the prime factors of 702543089?
3389, 207301
What are the prime factors of 19674330?
2, 3, 5, 13, 61, 827
List the prime factors of 2261073784.
2, 31, 1973, 4621
List the prime factors of 119833389.
3, 13, 43, 23819
List the prime factors of 510487282.
2, 197, 1295653
What are the prime factors of 19027082?
2, 181, 52561
List the prime factors of 2542376282.
2, 17, 19, 107, 36781
What are the prime factors of 90062018?
2, 45031009
What are the prime factors of 10405616?
2, 13, 19, 2633
List the prime factors of 123913753.
61, 67, 30319
What are the prime factors of 4930297872?
2, 3, 349, 294311
List the prime factors of 172077325.
5, 7, 983299
List the prime factors of 514471365.
3, 5, 3810899
List the prime factors of 3104228382.
2, 3, 29, 179, 99667
List the prime factors of 602630139.
3, 8273, 24281
List the prime factors of 1412773508.
2, 17, 20776081
What are the prime factors of 1316370426?
2, 3, 7, 19, 1649587
What are the prime factors of 13306327?
19, 593, 1181
What are the prime factors of 204854543?
204854543
What are the prime factors of 48576461?
53, 916537
List the prime factors of 9096105.
3, 5, 17, 35671
List the prime factors of 27055121.
41, 659881
What are the prime factors of 21934339?
7, 139, 22543
List the prime factors of 277821493.
37, 7508689
What are the prime factors of 96895023?
3, 61, 601, 881
List the prime factors of 86357148.
2, 3, 2237, 3217
List the prime factors of 41350524.
2, 3, 67, 51431
What are the prime factors of 105423423?
3, 7, 41, 122443
List the prime factors of 251889914.
2, 661, 190537
What are the prime factors of 405378916?
2, 61, 107, 15527
List the prime factors of 529211079.
3, 58801231
List the prime factors of 7513773315.
3, 5, 500918221
List the prime factors of 1271042.
2, 71, 8951
What are the prime factors of 77472764?
2, 569, 34039
List the prime factors of 905763776.
2, 1193, 11863
What are the prime factors of 1702914529?
37, 46024717
What are the prime factors of 61234228?
2, 11, 126517
List the prime factors of 1061420292.
2, 3, 73, 403889
What are the prime factors of 286671226?
2, 143335613
What are the prime factors of 38770517?
191, 202987
What are the prime factors of 37473343?
3313, 11311
What are the prime factors of 34471030?
2, 5, 11, 313373
What are the prime factors of 340428968?
2, 11, 1151, 3361
List the prime factors of 6259830052.
2, 7, 23, 37, 262709
What are the prime factors of 155255976?
2, 3, 127, 16979
List the prime factors of 62144684.
2, 7, 41, 54133
What are the prime factors of 947897352?
2, 3, 13165241
List the prime factors of 158534197.
17, 239, 39019
What are the prime factors of 6764943?
3, 499, 4519
What are the prime factors of 229310113?
67, 3422539
List the prime factors of 3455344.
2, 215959
What are the prime factors of 830181995?
5, 17, 9766847
What are the prime factors of 18646281?
3, 211, 1091
What are the prime factors of 72281725?
5, 251, 11519
List the prime factors of 1289855840.
2, 5, 7, 13, 88589
What are the prime factors of 235567?
29, 8123
What are the prime factors of 5596566?
2, 3, 932761
What are the prime factors of 168259057?
168259057
What are the prime factors of 3715460624?
2, 232216289
What are the prime factors of 73340334?
2, 3, 4074463
What are the prime factors of 1634698136?
2, 19, 23, 467591
What are the prime factors of 34413490?
2, 5, 509, 6761
List the prime factors of 2693404449.
3, 3469, 86269
List the prime factors of 501038623.
43, 11652061
List the prime factors of 25583752.
2, 389, 8221
What are the prime factors of 123343220?
2, 5, 7, 11, 13, 61, 101
List the prime factors of 215984567.
215984567
What are the prime factors of 30832142?
2, 11, 1401461
List the prime factors of 33263094.
2, 3, 109, 181, 281
List the prime factors of 894043064.
2, 111755383
List the prime factors of 611462797.
11, 23, 2416849
What are the prime factors of 2620606521?
3, 13, 19, 71, 49811
List the prime factors of 49850371.
49850371
What are the prime factors of 757848982?
2, 11, 59, 583859
What are the prime factors of 4108541966?
2, 2054270983
What are the prime factors of 51546062?
2, 25773031
List the prime factors of 490608535.
5, 98121707
List the prime factors of 5285855041.
5285855041
What are the prime factors of 98361257?
98361257
What are the prime factors of 49835392?
2, 139, 2801
List the prime factors of 733409713.
503, 1458071
What are the prime factors of 258161242?
2, 31, 431, 9661
List the prime factors of 95421845.
5, 1301, 14669
What are the prime factors of 2171820319?
2171820319
List the prime factors of 3155252633.
13, 31, 61, 128351
List the prime factors of 147023758.
2, 7, 10501697
What are the prime factors of 1181983150?
2, 5, 71, 73, 4561
What are the prime factors of 5667158941?
317, 419, 42667
What are the prime factors of 5521231827?
3, 109, 311, 18097
List the prime factors of 120820774.
2, 60410387
List the prime factors of 476813376.
2, 3, 13, 37, 1721
List the prime factors of 349279626.
2, 3, 43, 199, 6803
List the prime factors of 29134781.
13, 443, 5059
What are the prime factors of 53625255?
3, 5, 3575017
What are the prime factors of 19145069?
19145069
What are the prime factors of 743264824?
2, 313, 296831
What are the prime factors of 2580910025?
5, 37, 41, 68053
List the prime factors of 221844313.
221844313
List the prime factors of 426866035.
5, 1621, 52667
List the prime factors of 410638227.
3, 71, 1927879
What are the prime factors of 192426643?
192426643
What are the prime factors of 5365317732?
2, 3, 23, 19439557
List the prime factors of 209225872.
2, 19, 311, 2213
List the prime factors of 13021868.
2, 3255467
What are the prime factors of 119325149?
19, 131, 191, 251
List the prime factors of 2804344262.
2, 239, 1373, 4273
List the prime factors of 65204595.
3, 5, 131, 1229
What are the prime factors of 89894340?
2, 3, 5, 166471
What are the prime factors of 2609608318?
2, 25609, 50951
What are the prime factors of 19269136?
2, 239, 5039
List the prime factors of 1776431.
59, 30109
List the prime factors of 25821821.
25821821
List the prime factors of 72665467.
7, 2347, 4423
List the prime factors of 986932440.
2, 3, 5, 13, 227, 929
What are the prime factors of 1106547628?
2, 79, 3501733
What are the prime factors of 22370150?
2, 5, 11, 89, 457
List the prime fact